 = 0, 5*r - 57 = 4*x. Let a(o) = -r*o + 3 + 13*o - 2 - 4. Let s(b) = -a(b) - 2*p(b). Determine s(4).
-11
Suppose -52*c + 4*c + 5 = -235. Let l(s) = s**3 + 3*s**2 + 8*s. Let n(m) = 6*m**3 + 14*m**2 + 41*m - 1. Let o(w) = -11*l(w) + 2*n(w). Give o(c).
-32
Let j(d) be the first derivative of -d**2/2 - 4*d + 13892. Let l(k) = -3*k**3 + k**2 + 2*k + 1. Let n be l(-1). Give j(n).
-7
Let j be 8/(16/(14 - 22)). Let p(r) = -r**3 - 5*r**2 + 7*r + 1. Give p(j).
-43
Let h(a) = -55 - 53 + 100 - a. Let r(g) = -g**2 + 4*g + 2. Let j be r(4). Suppose 0 = -j*c - 4*t - 22, 21 = -3*c - 2*t. Determine h(c).
-3
Let c(g) be the second derivative of g**5/20 - 3*g**4/2 - g**3/2 + 51*g**2/2 - 177*g + 7. What is c(18)?
-3
Let l(n) be the first derivative of -n**4/4 + 2*n**3/3 - 2*n**2 + 25*n - 5520. Calculate l(4).
-23
Let c(u) = u + 18. Let g(z) = -2*z - 32. Suppose 3*j = -2*t - 10 + 5, 5*t - 30 = j. Let y(k) = j*c(k) - 3*g(k). Give y(-12).
-6
Let b(f) be the first derivative of -f**4/4 - 2*f**3 + 2*f**2 + 37*f - 5515. Calculate b(-6).
13
Suppose 3*i - 3549 = 4*w, 4*i - 3354 = -5*w + 1378. Let o = 1180 - i. Let j(t) = 0 + 0 + 4*t. Calculate j(o).
-12
Let b(g) = 1271*g**3 + 5*g**2 + 7*g - 1270*g**3 - 3*g + 2. Calculate b(-5).
-18
Let n = 2176 - 2179. Let g(d) = -d**3 + d**2 + 5*d - 4. What is g(n)?
17
Let p(m) = -3*m. Let w be p(-2). Suppose s + w = 12. Let k(u) be the third derivative of -u**4/8 - 5*u**3/6 + 114*u**2. Determine k(s).
-23
Let m = -41 - -37. Let f(k) = 3*k + 7. Let n(c) = -9*c - 15. Let a(x) = -5*f(x) - 2*n(x). Determine a(m).
-17
Let t(d) = 23*d**3 + 7*d**2 - 11*d + 11. Let j(p) = 11*p**3 + 3*p**2 - 5*p + 5. Let z(a) = 9*j(a) - 4*t(a). Let r = 19110 - 19109. Determine z(r).
6
Let i = 9669 - 9644. Let o(z) = -z**2 + 25*z + 31. Determine o(i).
31
Let m(t) be the third derivative of -5*t**4/12 - 19*t**3/6 - 2253*t**2. Determine m(10).
-119
Let f be (15 - (25 - -1)) + 6 + 0. Let z(q) = -q**3 - 6*q**2 - 12*q - 25. Give z(f).
10
Let s(u) be the third derivative of 29*u**4/24 - 89*u**3/3 + 2456*u**2 + 2. What is s(6)?
-4
Let o(n) = -n**3 + 6 + 6 - 7*n**3 - 9*n - 10*n**2 - 7 + 7*n**3. Suppose u - 48 = 5*v, u + 2*u - 9 = 0. Give o(v).
5
Let y(r) = -16*r + 657945*r**3 - 657946*r**3 + 3*r**2 - 9 + 7*r**2. Calculate y(7).
26
Let q(g) be the third derivative of g**6/120 + g**5/12 - g**4/6 + 2*g**3/3 + 416*g**2 - g. Let n be 74/14 - 12/42. Suppose -c + n*c + 24 = 0. What is q(c)?
-8
Let k(v) = -v**3 - 4*v**2 - v + 49. Let b(c) = c**3 + 3*c**2 - 40. Let u(q) = -6*b(q) - 5*k(q). Calculate u(1).
1
Let y(z) be the second derivative of z**4/12 - 7*z**3/3 + z**2/2 - 97*z. Determine y(15).
16
Let l(v) = -v**2 + 9*v + 13. Let f(n) be the third derivative of n**5/60 + 13*n**4/24 - 7*n**3/2 + 7*n**2 - 5. Let m be f(-15). Calculate l(m).
13
Let z(r) = r**2 - 13*r - 305. Let j be z(25). Let q(g) be the first derivative of 2*g**3 + 3*g**2 + 4 + 1/4*g**4 + 0*g. Give q(j).
-5
Let o(f) = -f**3 - 8*f**2 - 10*f - 17. Let i be (1/((-2)/185))/(9/18). Let a = 178 + i. Determine o(a).
4
Let v(z) = -33*z + 225. Let b be v(7). Let r(d) = -d**3 - 9*d**2 - 7*d + 2. Let k(u) = 3*u**3 + 28*u**2 + 22*u - 6. Let n(o) = -2*k(o) - 7*r(o). Determine n(b).
4
Let d(o) = -o + 2. Suppose -250 - 80 = -32*q + 54. Determine d(q).
-10
Suppose 0 = -2*l + v - 2*v + 15, -39 = -4*l - 5*v. Let t = -5 + l. Let a(y) be the second derivative of y**4/12 - y**3/3 + y**2/2 - 109*y - 24. Calculate a(t).
0
Let l = -267 + 267. Suppose -5*k = j - 50, l = k - 3*k - 4*j + 38. Let q(p) = -p + 21. Calculate q(k).
12
Let k(x) = -x**2 + 7*x + 5. Suppose 48 - 94 = -21*b + 248. What is k(b)?
-93
Let h(t) = 79 + 85 + 82 - 254 - t. Calculate h(-13).
5
Let s(t) = -4*t**2 + 1. Suppose m + q = -5, 2*m + 4 + 0 = 4*q. Let p be m/(-12) - 895/(-15). Let f = p - 59. Give s(f).
-3
Let k(j) = -6*j - 2*j**3 + j**3 - 438 + 441 + 3*j + 6*j**2 + 4*j. What is k(4)?
39
Let y(m) = m. Let k(r) = 3*r**2 + 4*r. Let i(t) = k(t) - 2*y(t). Let n(a) = -2*a**2 - a - 1. Let p be n(-1). What is i(p)?
8
Let m(t) = -t + 5 + 1 + 5 - 5. Suppose 2*q - 45*q = 0. Let s(k) = k**2 + 3*k + 6. Let p be s(q). Determine m(p).
0
Let n(y) = 198*y - 73*y - 74*y - 9 - 47*y. Determine n(-10).
-49
Suppose 2*b = b + 1. Let o(d) be the second derivative of d**8/1680 - d**7/2520 + 37*d**4/12 - 36*d. Let k(c) be the third derivative of o(c). Determine k(b).
3
Let i be (10/(-15))/((-19)/399). Let m(v) = 3*v**2 + i - v**3 + 12 - 38 + 4*v + 2*v**2 + 11. What is m(5)?
19
Let m(i) = -i**2 + 4*i - 1 + 0*i**2 + 3 + 1. Let w(x) = -2*x**3 - 9*x**2 + x - 22. Let l be w(-5). Calculate m(l).
-9
Let d(y) = -8*y + y**3 + 6*y**2 + 16 - 11 + 12*y. Let b = 8 + -12. Calculate d(b).
21
Let t be 9/21 - (-6150)/(-42). Let c = t + 148. Let a(f) = -4*f**2 + 4*f - 3. Give a(c).
-11
Suppose 915 = 13*c - 12*c. Let k be (-3)/(351/c - 6/15). Let d(p) = p**3 - 1 - 2*p**2 + k*p + 4*p**3 - 181*p. What is d(1)?
4
Suppose -5*d + 16 = 4*v, 16 = -23*v + 27*v. Let l(h) = h**2 + 15*h - 3. What is l(d)?
-3
Let m(u) = -u + 1. Let r(i) = -15*i + 15. Let t(x) = 12*m(x) - r(x). Suppose -4*j + 159 - 143 = 0. Let s be j - -1*(2 - 2). Determine t(s).
9
Let s(c) = -5*c + 20. Let k(d) = -3*d + 13. Let u(r) = -47*r + 5. Let f be u(1). Let j = f - -34. Let h(a) = j*k(a) + 5*s(a). Determine h(-5).
1
Suppose 5*k = 5*u - 4 - 1, 0 = 3*k - u - 3. Let l be k/4*5*12/30. Let v(r) = -2*r - 7*r - 10*r - l. What is v(-1)?
18
Let w(i) = i + 17. Let o(c) be the second derivative of -c**5/20 + 7*c**4/12 - c**3/6 - c**2 + 3*c + 9. Let v be o(7). Give w(v).
8
Let q be 3430/(-1029)*(-1 + -2 - 0). Let s(j) = -5*j**2 - 8 - 2*j**2 - 3*j**2 + j**3. Give s(q).
-8
Suppose 19*l - 27*l = -144. Let y(z) = 11 + 0*z - l + 6 + z. Let h(g) = g - 1. Let v(n) = h(n) + y(n). Calculate v(2).
2
Suppose -97*f = -46*f - 459. Let s(o) = -2 + 1 + o**3 - 9*o**2 + 4 + 0*o**3. Give s(f).
3
Let m(i) be the second derivative of -i**4/12 - 2*i**3 - 4*i**2 + 2*i. Suppose 65*d - 66*d - 13 = 3*g, -5*d = -3*g + 47. Give m(d).
12
Let x(g) = -g**2 - 5*g + 22. Let h be (-51)/2*4*(-32)/24. Suppose 0 = -17*q - h. Give x(q).
-2
Let x(q) = -28*q - 9. Let o(j) = 31*j + 4. Let m(k) = -59*k - 8. Let s(v) = -6*m(v) - 11*o(v). Let z(h) = -13*s(h) - 6*x(h). Determine z(-3).
5
Let o(p) = 3*p**2 - 237*p + 892. Let v be o(75). Let r(i) = i**3 + 7*i**2 - 5*i + 5. Give r(v).
-19
Let i(g) = -g**3 + g**2 + 10*g + 17. Let s be i(4). Suppose 2*k - 4*h - 1 = -s, -4*h = -5*k - 44. Let y(o) = o + 9. What is y(k)?
-3
Let t(u) be the first derivative of u**5/12 + u**4/6 + u**3/3 - 79*u**2/2 + 106. Let d(z) be the second derivative of t(z). Let c be 3/9 + (-7)/3. Give d(c).
14
Let j(t) = 2*t**3 + 7*t**2 - 5*t + 18. Let s(i) = -3*i**3 - 7*i**2 + 5*i - 28. Let b(u) = 4*j(u) + 3*s(u). Calculate b(6).
-6
Let z(s) be the second derivative of -s**4/6 - 7*s**3/3 + 11*s**2/2 + 2*s + 11. Suppose 34*v - 35*v = 2*b + 11, -2*v + 2 = b. Determine z(b).
-5
Let a = -25 - -25. Suppose -g - m = 0, 2*g - 6 = -a*g + m. Let s(w) = g*w - w + 2 + 9 + 0*w. Determine s(0).
11
Let j(l) be the third derivative of -l**7/840 - l**6/360 + l**5/30 - l**4/8 - 4*l**3 - 69*l**2. Let n(z) be the first derivative of j(z). Determine n(-3).
3
Let w(r) = 0*r + 11*r - 15*r + 4*r + r. Give w(-10).
-10
Suppose -230*m - 16 - 11 = -203*m. Let a(p) = -5*p + 2*p + 1 + p. What is a(m)?
3
Suppose 16*y - 519 + 162 = -y. Let m(b) = -b**2 + 21*b - 29. What is m(y)?
-29
Let l(v) = -1610*v + 14511. Let s be l(9). Let t(c) = 11*c - 240. Calculate t(s).
-9
Let v be (1 - (-2)/(-10))/(8/20). Let f be 5 - (v - (24/(-6) - -4)). Let i(p) = -p**3 + 2*p**2 + 3. What is i(f)?
-6
Let v(k) = k**2 - 20*k + 39. Let n be 20/130*13*9. Determine v(n).
3
Let c(v) = -v**3 - 6*v**2 + 7*v + 8. Let j be c(-7). Let z = -72 + 74. Let h(p) = -18*p + 4*p**z + j - 2*p**2 - p**2 + 10*p. Calculate h(6).
-4
Suppose -2*t + 79 = 5*g + 57, -4*g + 16 = 0. Let h(a) = 82*a + 3. Give h(t).
85
Let f(i) be the third derivative of -i**6/120 + i**5/15 - i**4/12 - 2*i**3/3 - i**2 + 107*i. Suppose 18*t = 6*t + 36. Give f(t).
-1
Let p(j) = -5*j - 6 - 18 - 15 + 10*j + 38. Determine p(1).
4
Let z(h) = 2*h**3 + 57*h**2 + 25*h - 29. Let f(o) = -49*o**2 - 21*o. Let j be f(-1). Determine z(j).
55
Let v be (0/(-10) + 2/1)*1. Let w(r) = r**3 - 4*r + 10*r + r - 4 + r - 7*r**v. Let c = -4 + 10. Determi